{"id":288,"date":"2014-06-11T21:36:46","date_gmt":"2014-06-11T19:36:46","guid":{"rendered":"http:\/\/heimanco.se\/friskvard\/?page_id=288"},"modified":"2018-01-03T16:23:02","modified_gmt":"2018-01-03T15:23:02","slug":"massage","status":"publish","type":"page","link":"http:\/\/heimanco.se\/friskvard\/massage\/","title":{"rendered":"Massage"},"content":{"rendered":"<p>Unna Dig en sk\u00f6n klassisk massage. Vi anpassar massagen efter Dina behov.\u00a0 \u00c4ven Du som \u00e4r gravid ligga sk\u00f6nt p\u00e5 mage och njuta av massage. Med de flexibla kuddarna f\u00e5r Du b\u00e5de st\u00f6d och utrymme f\u00f6r Din v\u00e4xande mage.<\/p>\n<p>45 min 495 kr<\/p>\n<p>60 min 620 kr<\/p>\n<p>Boka tid f\u00f6r massage\/skicka f\u00f6rfr\u00e5gan g\u00f6r du enklast via v\u00e5rt kontaktformul\u00e4r som du n\u00e5r <a title=\"Kontakta oss\" href=\"http:\/\/heimanco.se\/friskvard\/kontakta-oss\/\">h\u00e4r<\/a><\/p>\n<p>&nbsp;<\/p>\n<p><a href=\"http:\/\/heimanco.se\/friskvard\/wp-content\/uploads\/2014\/06\/DSC_0576-e1406458469968.jpg\"><img loading=\"lazy\" class=\"alignleft wp-image-378 size-medium\" src=\"http:\/\/heimanco.se\/friskvard\/wp-content\/uploads\/2014\/06\/DSC_0576-e1406458469968-200x300.jpg\" alt=\"DSC_0576\" width=\"200\" height=\"300\" srcset=\"http:\/\/heimanco.se\/friskvard\/wp-content\/uploads\/2014\/06\/DSC_0576-e1406458469968-200x300.jpg 200w, http:\/\/heimanco.se\/friskvard\/wp-content\/uploads\/2014\/06\/DSC_0576-e1406458469968-685x1024.jpg 685w\" sizes=\"(max-width: 200px) 100vw, 200px\" \/><\/a><\/p>\n<p><a href=\"http:\/\/heimanco.se\/friskvard\/wp-content\/uploads\/2014\/06\/DSC_2432.jpg\"><img loading=\"lazy\" class=\"alignnone size-medium wp-image-511\" src=\"http:\/\/heimanco.se\/friskvard\/wp-content\/uploads\/2014\/06\/DSC_2432-300x199.jpg\" alt=\"DSC_2432\" width=\"300\" height=\"199\" srcset=\"http:\/\/heimanco.se\/friskvard\/wp-content\/uploads\/2014\/06\/DSC_2432-300x199.jpg 300w, http:\/\/heimanco.se\/friskvard\/wp-content\/uploads\/2014\/06\/DSC_2432-1024x680.jpg 1024w\" sizes=\"(max-width: 300px) 100vw, 300px\" \/><\/a><\/p>\n","protected":false},"excerpt":{"rendered":"<p>Unna Dig en sk\u00f6n klassisk massage. Vi anpassar massagen efter Dina behov.\u00a0 \u00c4ven Du som \u00e4r gravid ligga sk\u00f6nt p\u00e5 mage och njuta av massage. Med de flexibla kuddarna f\u00e5r Du b\u00e5de st\u00f6d och utrymme f\u00f6r Din v\u00e4xande mage. 45&hellip; <\/p>\n","protected":false},"author":1,"featured_media":0,"parent":0,"menu_order":0,"comment_status":"closed","ping_status":"closed","template":"","meta":[],"_links":{"self":[{"href":"http:\/\/heimanco.se\/friskvard\/wp-json\/wp\/v2\/pages\/288"}],"collection":[{"href":"http:\/\/heimanco.se\/friskvard\/wp-json\/wp\/v2\/pages"}],"about":[{"href":"http:\/\/heimanco.se\/friskvard\/wp-json\/wp\/v2\/types\/page"}],"author":[{"embeddable":true,"href":"http:\/\/heimanco.se\/friskvard\/wp-json\/wp\/v2\/users\/1"}],"replies":[{"embeddable":true,"href":"http:\/\/heimanco.se\/friskvard\/wp-json\/wp\/v2\/comments?post=288"}],"version-history":[{"count":9,"href":"http:\/\/heimanco.se\/friskvard\/wp-json\/wp\/v2\/pages\/288\/revisions"}],"predecessor-version":[{"id":1103,"href":"http:\/\/heimanco.se\/friskvard\/wp-json\/wp\/v2\/pages\/288\/revisions\/1103"}],"wp:attachment":[{"href":"http:\/\/heimanco.se\/friskvard\/wp-json\/wp\/v2\/media?parent=288"}],"curies":[{"name":"wp","href":"https:\/\/api.w.org\/{rel}","templated":true}]}}